{"id":20,"date":"2025-08-31T12:44:58","date_gmt":"2025-08-31T15:44:58","guid":{"rendered":"http:\/\/emavah.com.br\/?page_id=20"},"modified":"2025-09-13T14:15:13","modified_gmt":"2025-09-13T17:15:13","slug":"acessorios","status":"publish","type":"page","link":"http:\/\/emavah.com.br\/?page_id=20","title":{"rendered":"V\u00e1lvulas"},"content":{"rendered":"\t\t<div data-elementor-type=\"wp-page\" data-elementor-id=\"20\" class=\"elementor elementor-20\">\n\t\t\t\t<div class=\"elementor-element elementor-element-dc180e3 e-flex e-con-boxed e-con e-parent\" data-id=\"dc180e3\" data-element_type=\"container\">\n\t\t\t\t\t<div class=\"e-con-inner\">\n\t\t<div class=\"elementor-element elementor-element-502751e e-con-full e-flex e-con e-child\" data-id=\"502751e\" data-element_type=\"container\">\n\t\t\t\t<div class=\"elementor-element elementor-element-c82cf08 elementor-widget elementor-widget-image\" data-id=\"c82cf08\" data-element_type=\"widget\" data-widget_type=\"image.default\">\n\t\t\t\t\t\t\t\t\t\t\t\t\t\t\t\t<a href=\"http:\/\/emavah.com.br\/wp-content\/uploads\/2025\/09\/VAZ.png\" data-elementor-open-lightbox=\"yes\" data-elementor-lightbox-title=\"VAZ\" data-e-action-hash=\"#elementor-action%3Aaction%3Dlightbox%26settings%3DeyJpZCI6MjY4LCJ1cmwiOiJodHRwczpcL1wvZW1hdmFoLmNvbS5iclwvd3AtY29udGVudFwvdXBsb2Fkc1wvMjAyNVwvMDlcL1ZBWi5wbmcifQ%3D%3D\">\n\t\t\t\t\t\t\t<img decoding=\"async\" width=\"150\" height=\"150\" src=\"https:\/\/emavah.com.br\/wp-content\/uploads\/2025\/09\/VAZ-150x150.png\" class=\"attachment-thumbnail size-thumbnail wp-image-268\" alt=\"\" srcset=\"https:\/\/emavah.com.br\/wp-content\/uploads\/2025\/09\/VAZ-150x150.png 150w, https:\/\/emavah.com.br\/wp-content\/uploads\/2025\/09\/VAZ-300x300.png 300w, https:\/\/emavah.com.br\/wp-content\/uploads\/2025\/09\/VAZ-768x768.png 768w, https:\/\/emavah.com.br\/wp-content\/uploads\/2025\/09\/VAZ.png 1000w\" sizes=\"(max-width: 150px) 100vw, 150px\" \/>\t\t\t\t\t\t\t\t<\/a>\n\t\t\t\t\t\t\t\t\t\t\t\t\t\t\t<\/div>\n\t\t\t\t<div class=\"elementor-element elementor-element-fb3eff3 elementor-widget elementor-widget-heading\" data-id=\"fb3eff3\" data-element_type=\"widget\" data-widget_type=\"heading.default\">\n\t\t\t\t\t<h5 class=\"elementor-heading-title elementor-size-default\">VAZ \/ VAZ* \/ VAM \/ VAA \/ VAP<\/h5>\t\t\t\t<\/div>\n\t\t\t\t<\/div>\n\t\t<div class=\"elementor-element elementor-element-66b6e35 e-con-full e-flex e-con e-child\" data-id=\"66b6e35\" data-element_type=\"container\">\n\t\t\t\t<div class=\"elementor-element elementor-element-83e2c5c elementor-widget elementor-widget-image\" data-id=\"83e2c5c\" data-element_type=\"widget\" data-widget_type=\"image.default\">\n\t\t\t\t\t\t\t\t\t\t\t\t\t\t\t\t<a href=\"http:\/\/emavah.com.br\/wp-content\/uploads\/2025\/09\/VSZ.png\" data-elementor-open-lightbox=\"yes\" data-elementor-lightbox-title=\"VSZ\" data-e-action-hash=\"#elementor-action%3Aaction%3Dlightbox%26settings%3DeyJpZCI6MjY5LCJ1cmwiOiJodHRwczpcL1wvZW1hdmFoLmNvbS5iclwvd3AtY29udGVudFwvdXBsb2Fkc1wvMjAyNVwvMDlcL1ZTWi5wbmcifQ%3D%3D\">\n\t\t\t\t\t\t\t<img decoding=\"async\" width=\"150\" height=\"150\" src=\"https:\/\/emavah.com.br\/wp-content\/uploads\/2025\/09\/VSZ-150x150.png\" class=\"attachment-thumbnail size-thumbnail wp-image-269\" alt=\"\" srcset=\"https:\/\/emavah.com.br\/wp-content\/uploads\/2025\/09\/VSZ-150x150.png 150w, https:\/\/emavah.com.br\/wp-content\/uploads\/2025\/09\/VSZ-300x300.png 300w, https:\/\/emavah.com.br\/wp-content\/uploads\/2025\/09\/VSZ-768x768.png 768w, https:\/\/emavah.com.br\/wp-content\/uploads\/2025\/09\/VSZ.png 1000w\" sizes=\"(max-width: 150px) 100vw, 150px\" \/>\t\t\t\t\t\t\t\t<\/a>\n\t\t\t\t\t\t\t\t\t\t\t\t\t\t\t<\/div>\n\t\t\t\t<div class=\"elementor-element elementor-element-1439e9e elementor-widget elementor-widget-heading\" data-id=\"1439e9e\" data-element_type=\"widget\" data-widget_type=\"heading.default\">\n\t\t\t\t\t<h5 class=\"elementor-heading-title elementor-size-default\">VSZ \/ VSZ* \/ VCZ* \/ VSL \/ VPLS \/ VSEL<\/h5>\t\t\t\t<\/div>\n\t\t\t\t<\/div>\n\t\t<div class=\"elementor-element elementor-element-7d252fd e-con-full e-flex e-con e-child\" data-id=\"7d252fd\" data-element_type=\"container\">\n\t\t\t\t<div class=\"elementor-element elementor-element-f14a4b3 elementor-widget elementor-widget-image\" data-id=\"f14a4b3\" data-element_type=\"widget\" data-widget_type=\"image.default\">\n\t\t\t\t\t\t\t\t\t\t\t\t\t\t\t\t<a href=\"http:\/\/emavah.com.br\/wp-content\/uploads\/2025\/09\/VTZ.png\" data-elementor-open-lightbox=\"yes\" data-elementor-lightbox-title=\"VTZ\" data-e-action-hash=\"#elementor-action%3Aaction%3Dlightbox%26settings%3DeyJpZCI6MjcxLCJ1cmwiOiJodHRwczpcL1wvZW1hdmFoLmNvbS5iclwvd3AtY29udGVudFwvdXBsb2Fkc1wvMjAyNVwvMDlcL1ZUWi5wbmcifQ%3D%3D\">\n\t\t\t\t\t\t\t<img decoding=\"async\" width=\"150\" height=\"150\" src=\"https:\/\/emavah.com.br\/wp-content\/uploads\/2025\/09\/VTZ-150x150.png\" class=\"attachment-thumbnail size-thumbnail wp-image-271\" alt=\"\" srcset=\"https:\/\/emavah.com.br\/wp-content\/uploads\/2025\/09\/VTZ-150x150.png 150w, https:\/\/emavah.com.br\/wp-content\/uploads\/2025\/09\/VTZ-300x300.png 300w, https:\/\/emavah.com.br\/wp-content\/uploads\/2025\/09\/VTZ-768x768.png 768w, https:\/\/emavah.com.br\/wp-content\/uploads\/2025\/09\/VTZ.png 1000w\" sizes=\"(max-width: 150px) 100vw, 150px\" \/>\t\t\t\t\t\t\t\t<\/a>\n\t\t\t\t\t\t\t\t\t\t\t\t\t\t\t<\/div>\n\t\t\t\t<div class=\"elementor-element elementor-element-5a0721a elementor-widget elementor-widget-heading\" data-id=\"5a0721a\" data-element_type=\"widget\" data-widget_type=\"heading.default\">\n\t\t\t\t\t<h5 class=\"elementor-heading-title elementor-size-default\">VTZ \/ VTZ* \/ VTQ \/ VTA \/ VTP<\/h5>\t\t\t\t<\/div>\n\t\t\t\t<\/div>\n\t\t<div class=\"elementor-element elementor-element-c1a8aad e-con-full e-flex e-con e-child\" data-id=\"c1a8aad\" data-element_type=\"container\">\n\t\t\t\t<div class=\"elementor-element elementor-element-f60662d elementor-widget elementor-widget-image\" data-id=\"f60662d\" data-element_type=\"widget\" data-widget_type=\"image.default\">\n\t\t\t\t\t\t\t\t\t\t\t\t\t\t\t\t<a href=\"http:\/\/emavah.com.br\/wp-content\/uploads\/2025\/09\/VAX312.png\" data-elementor-open-lightbox=\"yes\" data-elementor-lightbox-title=\"VAX312\" data-e-action-hash=\"#elementor-action%3Aaction%3Dlightbox%26settings%3DeyJpZCI6MjcyLCJ1cmwiOiJodHRwczpcL1wvZW1hdmFoLmNvbS5iclwvd3AtY29udGVudFwvdXBsb2Fkc1wvMjAyNVwvMDlcL1ZBWDMxMi5wbmcifQ%3D%3D\">\n\t\t\t\t\t\t\t<img loading=\"lazy\" decoding=\"async\" width=\"150\" height=\"150\" src=\"https:\/\/emavah.com.br\/wp-content\/uploads\/2025\/09\/VAX312-150x150.png\" class=\"attachment-thumbnail size-thumbnail wp-image-272\" alt=\"\" srcset=\"https:\/\/emavah.com.br\/wp-content\/uploads\/2025\/09\/VAX312-150x150.png 150w, https:\/\/emavah.com.br\/wp-content\/uploads\/2025\/09\/VAX312-300x300.png 300w, https:\/\/emavah.com.br\/wp-content\/uploads\/2025\/09\/VAX312-768x768.png 768w, https:\/\/emavah.com.br\/wp-content\/uploads\/2025\/09\/VAX312.png 1000w\" sizes=\"(max-width: 150px) 100vw, 150px\" \/>\t\t\t\t\t\t\t\t<\/a>\n\t\t\t\t\t\t\t\t\t\t\t\t\t\t\t<\/div>\n\t\t\t\t<div class=\"elementor-element elementor-element-b816571 elementor-widget elementor-widget-heading\" data-id=\"b816571\" data-element_type=\"widget\" data-widget_type=\"heading.default\">\n\t\t\t\t\t<h5 class=\"elementor-heading-title elementor-size-default\">VAX312 \/ VAX412<\/h5>\t\t\t\t<\/div>\n\t\t\t\t<\/div>\n\t\t\t\t\t<\/div>\n\t\t\t\t<\/div>\n\t\t<div class=\"elementor-element elementor-element-31a3ff3 e-flex e-con-boxed e-con e-parent\" data-id=\"31a3ff3\" data-element_type=\"container\">\n\t\t\t\t\t<div class=\"e-con-inner\">\n\t\t<div class=\"elementor-element elementor-element-c9cefe3 e-con-full e-flex e-con e-child\" data-id=\"c9cefe3\" data-element_type=\"container\">\n\t\t\t\t<div class=\"elementor-element elementor-element-65d3bf3 elementor-widget elementor-widget-image\" data-id=\"65d3bf3\" data-element_type=\"widget\" data-widget_type=\"image.default\">\n\t\t\t\t\t\t\t\t\t\t\t\t\t\t\t\t<a href=\"http:\/\/emavah.com.br\/wp-content\/uploads\/2025\/09\/VPZ.png\" data-elementor-open-lightbox=\"yes\" data-elementor-lightbox-title=\"VPZ\" data-e-action-hash=\"#elementor-action%3Aaction%3Dlightbox%26settings%3DeyJpZCI6MjcwLCJ1cmwiOiJodHRwczpcL1wvZW1hdmFoLmNvbS5iclwvd3AtY29udGVudFwvdXBsb2Fkc1wvMjAyNVwvMDlcL1ZQWi5wbmcifQ%3D%3D\">\n\t\t\t\t\t\t\t<img loading=\"lazy\" decoding=\"async\" width=\"150\" height=\"150\" src=\"https:\/\/emavah.com.br\/wp-content\/uploads\/2025\/09\/VPZ-150x150.png\" class=\"attachment-thumbnail size-thumbnail wp-image-270\" alt=\"\" srcset=\"https:\/\/emavah.com.br\/wp-content\/uploads\/2025\/09\/VPZ-150x150.png 150w, https:\/\/emavah.com.br\/wp-content\/uploads\/2025\/09\/VPZ-300x300.png 300w, https:\/\/emavah.com.br\/wp-content\/uploads\/2025\/09\/VPZ-768x768.png 768w, https:\/\/emavah.com.br\/wp-content\/uploads\/2025\/09\/VPZ.png 1000w\" sizes=\"(max-width: 150px) 100vw, 150px\" \/>\t\t\t\t\t\t\t\t<\/a>\n\t\t\t\t\t\t\t\t\t\t\t\t\t\t\t<\/div>\n\t\t\t\t<div class=\"elementor-element elementor-element-8682a25 elementor-widget elementor-widget-heading\" data-id=\"8682a25\" data-element_type=\"widget\" data-widget_type=\"heading.default\">\n\t\t\t\t\t<h5 class=\"elementor-heading-title elementor-size-default\">VPZ \/ VPZ* \/ VPA \/ VPIA<\/h5>\t\t\t\t<\/div>\n\t\t\t\t<\/div>\n\t\t<div class=\"elementor-element elementor-element-e239760 e-con-full e-flex e-con e-child\" data-id=\"e239760\" data-element_type=\"container\">\n\t\t\t\t<div class=\"elementor-element elementor-element-9a2aabf elementor-widget elementor-widget-image\" data-id=\"9a2aabf\" data-element_type=\"widget\" data-widget_type=\"image.default\">\n\t\t\t\t\t\t\t\t\t\t\t\t\t\t\t\t<a href=\"http:\/\/emavah.com.br\/wp-content\/uploads\/2025\/09\/VSECK.png\" data-elementor-open-lightbox=\"yes\" data-elementor-lightbox-title=\"VSECK\" data-e-action-hash=\"#elementor-action%3Aaction%3Dlightbox%26settings%3DeyJpZCI6MjczLCJ1cmwiOiJodHRwczpcL1wvZW1hdmFoLmNvbS5iclwvd3AtY29udGVudFwvdXBsb2Fkc1wvMjAyNVwvMDlcL1ZTRUNLLnBuZyJ9\">\n\t\t\t\t\t\t\t<img loading=\"lazy\" decoding=\"async\" width=\"150\" height=\"150\" src=\"https:\/\/emavah.com.br\/wp-content\/uploads\/2025\/09\/VSECK-150x150.png\" class=\"attachment-thumbnail size-thumbnail wp-image-273\" alt=\"\" srcset=\"https:\/\/emavah.com.br\/wp-content\/uploads\/2025\/09\/VSECK-150x150.png 150w, https:\/\/emavah.com.br\/wp-content\/uploads\/2025\/09\/VSECK-300x300.png 300w, https:\/\/emavah.com.br\/wp-content\/uploads\/2025\/09\/VSECK-768x768.png 768w, https:\/\/emavah.com.br\/wp-content\/uploads\/2025\/09\/VSECK.png 1000w\" sizes=\"(max-width: 150px) 100vw, 150px\" \/>\t\t\t\t\t\t\t\t<\/a>\n\t\t\t\t\t\t\t\t\t\t\t\t\t\t\t<\/div>\n\t\t\t\t<div class=\"elementor-element elementor-element-ab8257a elementor-widget elementor-widget-heading\" data-id=\"ab8257a\" data-element_type=\"widget\" data-widget_type=\"heading.default\">\n\t\t\t\t\t<h5 class=\"elementor-heading-title elementor-size-default\">VTECK \/ VSECK<\/h5>\t\t\t\t<\/div>\n\t\t\t\t<\/div>\n\t\t<div class=\"elementor-element elementor-element-57f8fcc e-con-full e-flex e-con e-child\" data-id=\"57f8fcc\" data-element_type=\"container\">\n\t\t\t\t<div class=\"elementor-element elementor-element-fc0f340 elementor-widget elementor-widget-image\" data-id=\"fc0f340\" data-element_type=\"widget\" data-widget_type=\"image.default\">\n\t\t\t\t\t\t\t\t\t\t\t\t\t\t\t\t<a href=\"http:\/\/emavah.com.br\/wp-content\/uploads\/2025\/09\/VMIC.png\" data-elementor-open-lightbox=\"yes\" data-elementor-lightbox-title=\"VMIC\" data-e-action-hash=\"#elementor-action%3Aaction%3Dlightbox%26settings%3DeyJpZCI6Mjc0LCJ1cmwiOiJodHRwczpcL1wvZW1hdmFoLmNvbS5iclwvd3AtY29udGVudFwvdXBsb2Fkc1wvMjAyNVwvMDlcL1ZNSUMucG5nIn0%3D\">\n\t\t\t\t\t\t\t<img loading=\"lazy\" decoding=\"async\" width=\"150\" height=\"150\" src=\"https:\/\/emavah.com.br\/wp-content\/uploads\/2025\/09\/VMIC-150x150.png\" class=\"attachment-thumbnail size-thumbnail wp-image-274\" alt=\"\" srcset=\"https:\/\/emavah.com.br\/wp-content\/uploads\/2025\/09\/VMIC-150x150.png 150w, https:\/\/emavah.com.br\/wp-content\/uploads\/2025\/09\/VMIC-300x300.png 300w, https:\/\/emavah.com.br\/wp-content\/uploads\/2025\/09\/VMIC-768x768.png 768w, https:\/\/emavah.com.br\/wp-content\/uploads\/2025\/09\/VMIC.png 1000w\" sizes=\"(max-width: 150px) 100vw, 150px\" \/>\t\t\t\t\t\t\t\t<\/a>\n\t\t\t\t\t\t\t\t\t\t\t\t\t\t\t<\/div>\n\t\t\t\t<div class=\"elementor-element elementor-element-ea8a808 elementor-widget elementor-widget-heading\" data-id=\"ea8a808\" data-element_type=\"widget\" data-widget_type=\"heading.default\">\n\t\t\t\t\t<h5 class=\"elementor-heading-title elementor-size-default\">VMIC<\/h5>\t\t\t\t<\/div>\n\t\t\t\t<\/div>\n\t\t\t\t\t<\/div>\n\t\t\t\t<\/div>\n\t\t<div class=\"elementor-element elementor-element-1f84c31 e-flex e-con-boxed e-con e-parent\" data-id=\"1f84c31\" data-element_type=\"container\">\n\t\t\t\t\t<div class=\"e-con-inner\">\n\t\t<div class=\"elementor-element elementor-element-e2f5579 e-con-full e-flex e-con e-child\" data-id=\"e2f5579\" data-element_type=\"container\">\n\t\t\t\t<div class=\"elementor-element elementor-element-e592608 elementor-widget elementor-widget-heading\" data-id=\"e592608\" data-element_type=\"widget\" data-widget_type=\"heading.default\">\n\t\t\t\t\t<h5 class=\"elementor-heading-title elementor-size-default\">INFORMA\u00c7\u00d5ES T\u00c9CNICAS<\/h5>\t\t\t\t<\/div>\n\t\t\t\t<div class=\"elementor-element elementor-element-29b4da5 elementor-widget elementor-widget-text-editor\" data-id=\"29b4da5\" data-element_type=\"widget\" data-widget_type=\"text-editor.default\">\n\t\t\t\t\t\t\t\t\t<p><strong>Utiliza\u00e7\u00e3o das v\u00e1lvulas sanit\u00e1rias:<\/strong><br \/>escoar para o esgoto as \u00e1guas de uso dom\u00e9stico, nas v\u00e1lvulas americana com reten\u00e7\u00e3o de res\u00edduos s\u00f3lidos<br \/>cuidados: n\u00e3o utilizar produtos abrasivos, n\u00e3o jogar objetos de ponta, pois danificam a camada protetora de cromo<\/p><p><strong>Considera\u00e7\u00f5es sobre as v\u00e1lvulas de zamac e lat\u00e3o:<\/strong><br \/>ambas servem igualmente para o fim a que se destinam, pois o camada de cromo d\u00e3o a prote\u00e7\u00e3o contra agentes \u00e1cidos<br \/>ou b\u00e1sicos de uso &#8220;dom\u00e9stico&#8221;, sendo as de zamac muito mais econ\u00f4micas em rela\u00e7\u00e3o as de lat\u00e3o, em virtude da alta<br \/>produ\u00e7\u00e3o, al\u00e9m de acabamento superior.<\/p><p><strong>Indica\u00e7\u00e3o de montagem:<\/strong><br \/>1- Lixar a \u00e1rea da cuba onde ser\u00e1 instalado a v\u00e1lvula,<br \/>2- Passar silicone, de prefer\u00eancia anti-f\u00fangico, nesta superf\u00edcie,<br \/>3- Colocar o corpo da v\u00e1lvula centralizado e apertar, garante-se assim a primeira veda\u00e7\u00e3o,<br \/>4- Colocar por baixo a veda\u00e7\u00e3o (pvc ), a arruela de encosto e a porca (zamac ou pl\u00e1stica),<br \/>5- Rosquear com o grifo ou chave de boca as porcas de zamac, ou com as m\u00e3os as porcas de pl\u00e1stico.<\/p>\t\t\t\t\t\t\t\t<\/div>\n\t\t\t\t<\/div>\n\t\t\t\t\t<\/div>\n\t\t\t\t<\/div>\n\t\t<div class=\"elementor-element elementor-element-b88fd50 e-flex e-con-boxed e-con e-parent\" data-id=\"b88fd50\" data-element_type=\"container\">\n\t\t\t\t\t<div class=\"e-con-inner\">\n\t\t<div class=\"elementor-element elementor-element-d5e2df3 e-con-full e-flex e-con e-child\" data-id=\"d5e2df3\" data-element_type=\"container\">\n\t\t\t\t<div class=\"elementor-element elementor-element-3cd222a elementor-widget elementor-widget-image\" data-id=\"3cd222a\" data-element_type=\"widget\" data-widget_type=\"image.default\">\n\t\t\t\t\t\t\t\t\t\t\t\t\t\t\t\t<a href=\"http:\/\/emavah.com.br\/wp-content\/uploads\/2025\/09\/Captura-de-tela-2025-09-13-095821.png\" data-elementor-open-lightbox=\"yes\" data-elementor-lightbox-title=\"informa\u00e7\u00f5es t\u00e9cnicas v\u00e1lvulas lat\u00e3o emavah\" data-e-action-hash=\"#elementor-action%3Aaction%3Dlightbox%26settings%3DeyJpZCI6Mjc1LCJ1cmwiOiJodHRwczpcL1wvZW1hdmFoLmNvbS5iclwvd3AtY29udGVudFwvdXBsb2Fkc1wvMjAyNVwvMDlcL0NhcHR1cmEtZGUtdGVsYS0yMDI1LTA5LTEzLTA5NTgyMS5wbmcifQ%3D%3D\">\n\t\t\t\t\t\t\t<img loading=\"lazy\" decoding=\"async\" width=\"800\" height=\"416\" src=\"https:\/\/emavah.com.br\/wp-content\/uploads\/2025\/09\/Captura-de-tela-2025-09-13-095821-1024x532.png\" class=\"attachment-large size-large wp-image-275\" alt=\"informa\u00e7\u00f5es t\u00e9cnicas v\u00e1lvulas em lat\u00e3o emavah\" srcset=\"https:\/\/emavah.com.br\/wp-content\/uploads\/2025\/09\/Captura-de-tela-2025-09-13-095821-1024x532.png 1024w, https:\/\/emavah.com.br\/wp-content\/uploads\/2025\/09\/Captura-de-tela-2025-09-13-095821-300x156.png 300w, https:\/\/emavah.com.br\/wp-content\/uploads\/2025\/09\/Captura-de-tela-2025-09-13-095821-768x399.png 768w, https:\/\/emavah.com.br\/wp-content\/uploads\/2025\/09\/Captura-de-tela-2025-09-13-095821.png 1258w\" sizes=\"(max-width: 800px) 100vw, 800px\" \/>\t\t\t\t\t\t\t\t<\/a>\n\t\t\t\t\t\t\t\t\t\t\t\t\t\t\t<\/div>\n\t\t\t\t<\/div>\n\t\t<div class=\"elementor-element elementor-element-2efad88 e-con-full e-flex e-con e-child\" data-id=\"2efad88\" data-element_type=\"container\">\n\t\t\t\t<div class=\"elementor-element elementor-element-10c2d7b elementor-widget elementor-widget-image\" data-id=\"10c2d7b\" data-element_type=\"widget\" data-widget_type=\"image.default\">\n\t\t\t\t\t\t\t\t\t\t\t\t\t\t\t\t<a href=\"http:\/\/emavah.com.br\/wp-content\/uploads\/2025\/09\/Captura-de-tela-2025-09-13-095846.png\" data-elementor-open-lightbox=\"yes\" data-elementor-lightbox-title=\"informa\u00e7\u00f5es t\u00e9cnicas v\u00e1lvulas zamac emavah\" data-e-action-hash=\"#elementor-action%3Aaction%3Dlightbox%26settings%3DeyJpZCI6Mjc2LCJ1cmwiOiJodHRwczpcL1wvZW1hdmFoLmNvbS5iclwvd3AtY29udGVudFwvdXBsb2Fkc1wvMjAyNVwvMDlcL0NhcHR1cmEtZGUtdGVsYS0yMDI1LTA5LTEzLTA5NTg0Ni5wbmcifQ%3D%3D\">\n\t\t\t\t\t\t\t<img loading=\"lazy\" decoding=\"async\" width=\"800\" height=\"413\" src=\"https:\/\/emavah.com.br\/wp-content\/uploads\/2025\/09\/Captura-de-tela-2025-09-13-095846-1024x528.png\" class=\"attachment-large size-large wp-image-276\" alt=\"informa\u00e7\u00f5es t\u00e9cnicas v\u00e1lvulas em zamac emavah\" srcset=\"https:\/\/emavah.com.br\/wp-content\/uploads\/2025\/09\/Captura-de-tela-2025-09-13-095846-1024x528.png 1024w, https:\/\/emavah.com.br\/wp-content\/uploads\/2025\/09\/Captura-de-tela-2025-09-13-095846-300x155.png 300w, https:\/\/emavah.com.br\/wp-content\/uploads\/2025\/09\/Captura-de-tela-2025-09-13-095846-768x396.png 768w, https:\/\/emavah.com.br\/wp-content\/uploads\/2025\/09\/Captura-de-tela-2025-09-13-095846.png 1259w\" sizes=\"(max-width: 800px) 100vw, 800px\" \/>\t\t\t\t\t\t\t\t<\/a>\n\t\t\t\t\t\t\t\t\t\t\t\t\t\t\t<\/div>\n\t\t\t\t<\/div>\n\t\t\t\t\t<\/div>\n\t\t\t\t<\/div>\n\t\t\t\t<\/div>\n\t\t","protected":false},"excerpt":{"rendered":"<p>VAZ \/ VAZ* \/ VAM \/ VAA \/ VAP VSZ \/ VSZ* \/ VCZ* \/ VSL \/ VPLS \/ VSEL VTZ \/ VTZ* \/ VTQ \/ VTA \/ VTP VAX312 \/ VAX412 VPZ \/ VPZ* \/ VPA \/ VPIA VTECK \/ VSECK VMIC INFORMA\u00c7\u00d5ES T\u00c9CNICAS Utiliza\u00e7\u00e3o das v\u00e1lvulas sanit\u00e1rias:escoar para o esgoto as \u00e1guas de [&hellip;]<\/p>\n","protected":false},"author":1,"featured_media":0,"parent":0,"menu_order":0,"comment_status":"closed","ping_status":"closed","template":"elementor_header_footer","meta":{"_joinchat":[],"footnotes":""},"class_list":["post-20","page","type-page","status-publish","hentry"],"_links":{"self":[{"href":"http:\/\/emavah.com.br\/index.php?rest_route=\/wp\/v2\/pages\/20","targetHints":{"allow":["GET"]}}],"collection":[{"href":"http:\/\/emavah.com.br\/index.php?rest_route=\/wp\/v2\/pages"}],"about":[{"href":"http:\/\/emavah.com.br\/index.php?rest_route=\/wp\/v2\/types\/page"}],"author":[{"embeddable":true,"href":"http:\/\/emavah.com.br\/index.php?rest_route=\/wp\/v2\/users\/1"}],"replies":[{"embeddable":true,"href":"http:\/\/emavah.com.br\/index.php?rest_route=%2Fwp%2Fv2%2Fcomments&post=20"}],"version-history":[{"count":20,"href":"http:\/\/emavah.com.br\/index.php?rest_route=\/wp\/v2\/pages\/20\/revisions"}],"predecessor-version":[{"id":412,"href":"http:\/\/emavah.com.br\/index.php?rest_route=\/wp\/v2\/pages\/20\/revisions\/412"}],"wp:attachment":[{"href":"http:\/\/emavah.com.br\/index.php?rest_route=%2Fwp%2Fv2%2Fmedia&parent=20"}],"curies":[{"name":"wp","href":"https:\/\/api.w.org\/{rel}","templated":true}]}}